
What is the hundreds digit of 9909?
9
What is the tens digit of 23288?
8
What is the thousands digit of 1001?
1
What is the tens digit of 23339?
3
What is the units digit of 167?
7
What is the tens digit of 38?
3
What is the thousands digit of 14962?
4
What is the hundreds digit of 33744?
7
What is the units digit of 673?
3
What is the hundreds digit of 137286?
2
What is the thousands digit of 2039?
2
What is the tens digit of 291?
9
What is the thousands digit of 19006?
9
What is the ten thousands digit of 40351?
4
What is the hundreds digit of 18276?
2
What is the hundreds digit of 9790?
7
What is the units digit of 70999?
9
What is the thousands digit of 1676?
1
What is the ten thousands digit of 42086?
4
What is the thousands digit of 1217?
1
What is the ten thousands digit of 44312?
4
What is the hundreds digit of 4916?
9
What is the units digit of 7334?
4
What is the tens digit of 31863?
6
What is the tens digit of 24720?
2
What is the tens digit of 34590?
9
What is the units digit of 8324?
4
What is the tens digit of 3550?
5
What is the units digit of 2474?
4
What is the thousands digit of 1223?
1
What is the tens digit of 3999?
9
What is the hundreds digit of 4834?
8
What is the units digit of 250?
0
What is the hundreds digit of 2494?
4
What is the units digit of 74477?
7
What is the units digit of 4538?
8
What is the ten thousands digit of 26706?
2
What is the units digit of 1852?
2
What is the ten thousands digit of 45027?
4
What is the units digit of 3457?
7
What is the thousands digit of 1167?
1
What is the tens digit of 2723?
2
What is the tens digit of 20967?
6
What is the thousands digit of 5312?
5
What is the thousands digit of 5622?
5
What is the tens digit of 1946?
4
What is the units digit of 14454?
4
What is the tens digit of 497?
9
What is the tens digit of 7367?
6
What is the thousands digit of 13785?
3
What is the hundreds digit of 37667?
6
What is the thousands digit of 34941?
4
What is the ten thousands digit of 16059?
1
What is the thousands digit of 12831?
2
What is the units digit of 1622?
2
What is the units digit of 8727?
7
What is the tens digit of 640?
4
What is the tens digit of 72212?
1
What is the hundreds digit of 910?
9
What is the tens digit of 734?
3
What is the units digit of 5970?
0
What is the thousands digit of 8153?
8
What is the tens digit of 36013?
1
What is the units digit of 4593?
3
What is the tens digit of 5635?
3
What is the hundreds digit of 3866?
8
What is the units digit of 1219?
9
What is the hundreds digit of 6754?
7
What is the units digit of 13531?
1
What is the hundreds digit of 6410?
4
What is the tens digit of 3014?
1
What is the hundreds digit of 919?
9
What is the units digit of 2590?
0
What is the tens digit of 18869?
6
What is the thousands digit of 2575?
2
What is the units digit of 3524?
4
What is the thousands digit of 48526?
8
What is the tens digit of 1107?
0
What is the units digit of 848?
8
What is the hundreds digit of 773?
7
What is the hundreds digit of 1327?
3
What is the tens digit of 4121?
2
What is the tens digit of 1232?
3
What is the units digit of 7445?
5
What is the hundreds digit of 411?
4
What is the tens digit of 53?
5
What is the units digit of 3822?
2
What is the units digit of 11770?
0
What is the ten thousands digit of 47357?
4
What is the tens digit of 2445?
4
What is the thousands digit of 1072?
1
What is the tens digit of 1009?
0
What is the units digit of 36736?
6
What is the units digit of 145282?
2
What is the tens digit of 4646?
4
What is the units digit of 302?
2
What is the ten thousands digit of 20084?
2
What is the tens digit of 24004?
0
What is the thousands digit of 1194?
1
What is the tens digit of 9041?
4
What is the hundreds digit of 8990?
9
What is the hundreds digit of 18208?
2
What is the tens digit of 3963?
6
What is the tens digit of 1216?
1
What is the units digit of 1121?
1
What is the ten thousands digit of 22292?
2
What is the units digit of 313?
3
What is the units digit of 2006?
6
What is the thousands digit of 151754?
1
What is the hundreds digit of 653?
6
What is the hundreds digit of 5012?
0
What is the thousands digit of 18894?
8
What is the hundreds digit of 5276?
2
What is the tens digit of 829?
2
What is the units digit of 136759?
9
What is the thousands digit of 20892?
0
What is the hundreds digit of 378?
3
What is the ten thousands digit of 22310?
2
What is the thousands digit of 12121?
2
What is the units digit of 1953?
3
What is the thousands digit of 6238?
6
What is the hundreds digit of 3584?
5
What is the tens digit of 1216?
1
What is the units digit of 8622?
2
What is the hundreds digit of 574?
5
What is the hundreds digit of 13115?
1
What is the thousands digit of 1811?
1
What is the tens digit of 7368?
6
What is the thousands digit of 29057?
9
What is the thousands digit of 68861?
8
What is the thousands digit of 2468?
2
What is the tens digit of 39563?
6
What is the units digit of 193?
3
What is the units digit of 7750?
0
What is the ten thousands digit of 21081?
2
What is the hundreds digit of 59252?
2
What is the tens digit of 5172?
7
What is the thousands digit of 1738?
1
What is the thousands digit of 25394?
5
What is the hundreds digit of 18590?
5
What is the tens digit of 3992?
9
What is the units digit of 2083?
3
What is the thousands digit of 82942?
2
What is the thousands digit of 1602?
1
What is the units digit of 8097?
7
What is the hundreds digit of 28710?
7
What is the units digit of 673?
3
What is the hundreds digit of 28026?
0
What is the hundreds digit of 516?
5
What is the units digit of 959?
9
What is the ten thousands digit of 149203?
4
What is the thousands digit of 14982?
4
What is the units digit of 15569?
9
What is the units digit of 1465?
5
What is the tens digit of 2602?
0
What is the units digit of 64081?
1
What is the hundreds digit of 24437?
4
What is the thousands digit of 2720?
2
What is the hundreds digit of 103940?
9
What is the units digit of 109?
9
What is the ten thousands digit of 33719?
3
What is the tens digit of 1022?
2
What is the tens digit of 52766?
6
What is the thousands digit of 1876?
1
What is the hundreds digit of 25377?
3
What is the tens digit of 1309?
0
What is the tens digit of 167726?
2
What is the hundreds digit of 52406?
4
What is the ten thousands digit of 14781?
1
What is the hundreds digit of 124533?
5
What is the hundreds digit of 943?
9
What is the hundreds digit of 1743?
7
What is the units digit of 711?
1
What is the thousands digit of 2280?
2
What is the units digit of 61382?
2
What is the tens digit of 3907?
0
What is the hundreds digit of 3220?
2
What is the tens digit of 113979?
7
What is the hundreds digit of 1371?
3
What is the ten thousands digit of 117066?
1
What is the tens digit of 61395?
9
What is the units digit of 65595?
5
What is the tens digit of 36985?
8
What is the thousands digit of 85297?
5
What is the tens digit of 65?
6
What is the hundreds digit of 3369?
3
What is the tens digit of 28696?
9
What is the hundreds digit of 14179?
1
What is the hundreds digit of 10094?
0
What is the tens digit of 40218?
1
What is the ten thousands digit of 23345?
2
What is the units digit of 87555?
5
What is the units digit of 201181?
1
What is the tens digit of 147613?
1
What is the units digit of 864?
4
What is the tens digit of 264?
6
What is the tens digit of 16993?
9
What is the hundreds digit of 14649?
6
What is the hundreds digit of 589?
5
What is the hundreds digit of 1407?
4
What is the units digit of 3659?
9
What is the hundreds digit of 13507?
5
What is the hundreds digit of 6628?
6
What is the hundreds digit of 278?
2
What is the units digit of 8783?
3
What is the ten thousands digit of 62111?
6
What is the ten thousands digit of 53111?
5
What is the tens digit of 789?
8
What is the hundreds digit of 6575?
5
What is the tens digit of 10912?
1
What is the units digit of 993?
3
What is the hundreds digit of 657?
6
What is the units digit of 563?
3
What is the hundreds digit of 1043?
0
What is the units digit of 11361?
1
What is the tens digit of 31778?
7
What is the thousands digit of 74464?
4
What is the tens digit of 87765?
6
What is the hundreds digit of 6466?
4
What is the tens digit of 35471?
7
What is the units digit of 1044?
4